03476.
2, 7, 82267
What are the prime factors of 3691431?
3, 17, 23, 1049
What are the prime factors of 18125?
5, 29
What are the prime factors of 10905656?
2, 1363207
List the prime factors of 26482941.
3, 19, 154871
What are the prime factors of 820876?
2, 7, 19, 1543
What are the prime factors of 35590330?
2, 5, 157, 22669
What are the prime factors of 478774?
2, 239387
List the prime factors of 77384.
2, 17, 569
What are the prime factors of 4272480?
2, 3, 5, 23, 43
What are the prime factors of 3808013?
11, 103, 3361
List the prime factors of 2734754.
2, 11, 197, 631
What are the prime factors of 9867076?
2, 29, 85061
List the prime factors of 2243403.
3, 83089
List the prime factors of 2845792.
2, 113, 787
What are the prime factors of 1558013?
59, 26407
What are the prime factors of 2208926?
2, 757, 1459
List the prime factors of 300673.
300673
What are the prime factors of 6538343?
7, 934049
List the prime factors of 2247582.
2, 3, 67, 5591
What are the prime factors of 56218?
2, 28109
What are the prime factors of 4039640?
2, 5, 11, 9181
What are the prime factors of 1108093?
7, 311, 509
List the prime factors of 330983.
330983
What are the prime factors of 521959?
37, 14107
List the prime factors of 935797.
31, 30187
List the prime factors of 1884491.
7, 38459
List the prime factors of 14929756.
2, 3732439
What are the prime factors of 14473539?
3, 536057
List the prime factors of 312736.
2, 29, 337
List the prime factors of 3077475.
3, 5, 37, 1109
List the prime factors of 14082596.
2, 11, 17, 67, 281
What are the prime factors of 19282255?
5, 3856451
What are the prime factors of 5844351?
3, 647, 3011
What are the prime factors of 16859?
23, 733
What are the prime factors of 4290942?
2, 3, 715157
List the prime factors of 2975412.
2, 3, 11, 22541
What are the prime factors of 196055?
5, 113, 347
What are the prime factors of 21159341?
7, 149, 20287
List the prime factors of 14775187.
7, 43, 191, 257
List the prime factors of 4037275.
5, 11, 53, 277
List the prime factors of 4141497.
3, 1380499
What are the prime factors of 432573?
3, 19, 7589
What are the prime factors of 207395?
5, 41479
List the prime factors of 821935.
5, 164387
List the prime factors of 6253231.
1709, 3659
List the prime factors of 119005.
5, 23801
List the prime factors of 18112504.
2, 487, 4649
What are the prime factors of 10967247?
3, 1218583
What are the prime factors of 205717?
17, 12101
List the prime factors of 747851.
13, 57527
What are the prime factors of 4599103?
23, 199961
List the prime factors of 689231.
17, 40543
What are the prime factors of 2439739?
2439739
What are the prime factors of 502201?
7, 37, 277
What are the prime factors of 31426?
2, 19, 827
List the prime factors of 23092920.
2, 3, 5, 23, 2789
List the prime factors of 784817.
11, 71347
What are the prime factors of 10650707?
367, 29021
List the prime factors of 413097.
3, 137699
What are the prime factors of 2635458?
2, 3, 7, 131, 479
List the prime factors of 640274.
2, 23, 31, 449
List the prime factors of 168311.
11, 13, 107
List the prime factors of 576258.
2, 3, 96043
List the prime factors of 386878.
2, 19, 10181
List the prime factors of 625679.
137, 4567
What are the prime factors of 2195698?
2, 1097849
List the prime factors of 261957.
3, 29, 3011
What are the prime factors of 2204990?
2, 5, 311, 709
What are the prime factors of 810974?
2, 405487
List the prime factors of 306737.
101, 3037
What are the prime factors of 748386?
2, 3, 13859
List the prime factors of 277985.
5, 53, 1049
List the prime factors of 7499105.
5, 41, 157, 233
List the prime factors of 6556071.
3, 2185357
What are the prime factors of 360941?
7, 51563
What are the prime factors of 115496?
2, 14437
What are the prime factors of 17683021?
23, 271, 2837
What are the prime factors of 2586579?
3, 43, 20051
List the prime factors of 7641719.
191, 40009
List the prime factors of 656538.
2, 3, 109423
List the prime factors of 2093.
7, 13, 23
List the prime factors of 913532.
2, 228383
What are the prime factors of 645450?
2, 3, 5, 13, 331
List the prime factors of 199283.
7, 83
What are the prime factors of 22641317?
22641317
List the prime factors of 26823706.
2, 7, 13, 19, 7757
List the prime factors of 4072640.
2, 5, 11, 13, 89
What are the prime factors of 5666?
2, 2833
What are the prime factors of 1426598?
2, 23, 31013
List the prime factors of 282814.
2, 7, 20201
List the prime factors of 1403414.
2, 23, 30509
List the prime factors of 10608272.
2, 17, 43, 907
What are the prime factors of 136117?
79, 1723
List the prime factors of 762338.
2, 381169
List the prime factors of 5742632.
2, 7, 102547
List the prime factors of 1355093.
523, 2591
What are the prime factors of 522554?
2, 227, 1151
List the prime factors of 14761671.
3, 379, 12983
What are the prime factors of 683034?
2, 3, 11, 79, 131
List the prime factors of 267489.
3, 9907
What are the prime factors of 231140?
2, 5, 7, 13, 127
List the prime factors of 339876.
2, 3, 1049
What are the prime factors of 57599?
239, 241
List the prime factors of 217913.
359, 607
What are the prime factors of 442856?
2, 197, 281
List the prime factors of 12379219.
12379219
What are the prime factors of 9747856?
2, 609241
What are the prime factors of 2318595?
3, 5, 154573
List the prime factors of 259321.
259321
What are the prime factors of 4031242?
2, 2015621
List the prime factors of 417269.
53, 7873
What are the prime factors of 662572?
2, 71, 2333
List the prime factors of 33265.
5, 6653
What are the prime factors of 2005107?
3, 13, 51413
What are the prime factors of 8089239?
3, 2696413
List the prime factors of 2804.
2, 701
What are the prime factors of 1375401?
3, 37, 12391
What are the prime factors of 589982?
2, 294991
What are the prime factors of 463856?
2, 53, 547
List the prime factors of 400115.
5, 43, 1861
What are the prime factors of 422582?
2, 211291
List the prime factors of 1357959.
3, 349, 1297
List the prime factors of 1698607.
1698607
List the prime factors of 3616882.
2, 71, 25471
List the prime factors of 6620857.
6620857
What are the prime factors of 2410916?
2, 602729
List the prime factors of 2474105.
5, 167, 2963
List the prime factors of 296255.
5, 193, 307
What are the prime factors of 1094398?
2, 173, 3163
List the prime factors of 114255.
3, 5, 2539
List the prime factors of 181120.
2, 5, 283
What are the prime factors of 70511?
7, 1439
What are the prime factors of 3860066?
2, 7, 275719
What are the prime factors of 16448288?
2, 514009
What are the prime factors of 473788?
2, 7, 16921
What are the prime factors of 29512?
2, 7, 17, 31
What are the prime factors of 7898455?
5, 17, 43, 2161
What are the prime factors of 12854320?
2, 5, 41, 3919
List the prime factors of 266512.
2, 16657
List the prime factors of 16942759.
67, 252877
List the prime factors of 323561.
7, 17, 2719
What are the prime factors of 2532372?
2, 3, 281, 751
What are the prime factors of 27803065?
5, 5560613
What are the prime factors of 60379?
11, 499
List the prime factors of 901743.
3, 300581
What are the prime factors of 15576374?
2, 11, 708017
List the prime factors of 399935.
5, 79987
List the prime factors of 438079.
281, 1559
List the prime factors of 17866.
2, 8933
List the prime factors of 1948506.
2, 3, 7, 17, 2729
What are the prime factors of 1948953?
3, 649651
List the prime factors of 30961827.
3, 13, 264631
List the prime factors of 8563063.
43, 97, 2053
What are the prime factors of 162641?
162641
What are the prime factors of 27346501?
7, 13, 300511
What are the prime factors of 894929?
7, 173, 739
List the prime factors of 14013866.
2, 7006933
List the prime factors of 2841637.
37, 76801
List the prime factors of 141722.
2, 7, 53, 191
List the prime factors of 865458.
2, 3, 11, 31, 47
What are the prime factors of 1208515?
5, 7, 11, 43, 73
What are the prime factors of 5575065?
3, 5, 17, 21863
What are the prime factors of 142217?
142217
What are the prime factors of 1162499?
13, 223, 401
List the prime factors of 572972.
2, 143243
What are the prime factors of 5882555?
5, 7, 131, 1283
What are the prime factors of 572090?
2, 5, 19, 3011
List the prime factors of 15026344.
2, 1878293
What are the prime factors of 4158458?
2, 2079